{"id":556,"date":"2016-01-27T16:30:22","date_gmt":"2016-01-27T15:30:22","guid":{"rendered":"http:\/\/10.0.0.210\/?page_id=556"},"modified":"2017-03-27T14:01:42","modified_gmt":"2017-03-27T12:01:42","slug":"nous-connaitre","status":"publish","type":"page","link":"https:\/\/www.delande.be\/index.php\/nous-connaitre\/","title":{"rendered":"Nous conna\u00eetre"},"content":{"rendered":"<p>[et_pb_section transparent_background=\u00a0\u00bboff\u00a0\u00bb allow_player_pause=\u00a0\u00bboff\u00a0\u00bb inner_shadow=\u00a0\u00bboff\u00a0\u00bb parallax=\u00a0\u00bboff\u00a0\u00bb parallax_method=\u00a0\u00bbon\u00a0\u00bb padding_mobile=\u00a0\u00bboff\u00a0\u00bb make_fullwidth=\u00a0\u00bboff\u00a0\u00bb use_custom_width=\u00a0\u00bboff\u00a0\u00bb width_unit=\u00a0\u00bboff\u00a0\u00bb custom_width_px=\u00a0\u00bb1080px\u00a0\u00bb custom_width_percent=\u00a0\u00bb80%\u00a0\u00bb make_equal=\u00a0\u00bboff\u00a0\u00bb use_custom_gutter=\u00a0\u00bboff\u00a0\u00bb fullwidth=\u00a0\u00bboff\u00a0\u00bb specialty=\u00a0\u00bboff\u00a0\u00bb admin_label=\u00a0\u00bbsection\u00a0\u00bb disabled=\u00a0\u00bboff\u00a0\u00bb][et_pb_row make_fullwidth=\u00a0\u00bboff\u00a0\u00bb use_custom_width=\u00a0\u00bboff\u00a0\u00bb width_unit=\u00a0\u00bboff\u00a0\u00bb custom_width_px=\u00a0\u00bb1080px\u00a0\u00bb custom_width_percent=\u00a0\u00bb80%\u00a0\u00bb use_custom_gutter=\u00a0\u00bboff\u00a0\u00bb gutter_width=\u00a0\u00bb3&Prime; padding_mobile=\u00a0\u00bboff\u00a0\u00bb allow_player_pause=\u00a0\u00bboff\u00a0\u00bb parallax=\u00a0\u00bboff\u00a0\u00bb parallax_method=\u00a0\u00bbon\u00a0\u00bb make_equal=\u00a0\u00bboff\u00a0\u00bb column_padding_mobile=\u00a0\u00bbon\u00a0\u00bb parallax_1=\u00a0\u00bboff\u00a0\u00bb parallax_method_1=\u00a0\u00bbon\u00a0\u00bb parallax_2=\u00a0\u00bboff\u00a0\u00bb parallax_method_2=\u00a0\u00bbon\u00a0\u00bb parallax_3=\u00a0\u00bboff\u00a0\u00bb parallax_method_3=\u00a0\u00bbon\u00a0\u00bb parallax_4=\u00a0\u00bboff\u00a0\u00bb parallax_method_4=\u00a0\u00bbon\u00a0\u00bb admin_label=\u00a0\u00bbLigne\u00a0\u00bb disabled=\u00a0\u00bboff\u00a0\u00bb][et_pb_column type=\u00a0\u00bb4_4&Prime; disabled=\u00a0\u00bboff\u00a0\u00bb parallax=\u00a0\u00bboff\u00a0\u00bb parallax_method=\u00a0\u00bbon\u00a0\u00bb column_padding_mobile=\u00a0\u00bbon\u00a0\u00bb][et_pb_text background_layout=\u00a0\u00bblight\u00a0\u00bb text_orientation=\u00a0\u00bbleft\u00a0\u00bb admin_label=\u00a0\u00bbTexte\u00a0\u00bb text_font=\u00a0\u00bbOpen Sans||||\u00a0\u00bb use_border_color=\u00a0\u00bboff\u00a0\u00bb border_style=\u00a0\u00bbsolid\u00a0\u00bb disabled=\u00a0\u00bboff\u00a0\u00bb] [\/et_pb_text][\/et_pb_column][\/et_pb_row][et_pb_row make_fullwidth=\u00a0\u00bboff\u00a0\u00bb use_custom_width=\u00a0\u00bboff\u00a0\u00bb width_unit=\u00a0\u00bboff\u00a0\u00bb custom_width_px=\u00a0\u00bb1080px\u00a0\u00bb custom_width_percent=\u00a0\u00bb80%\u00a0\u00bb use_custom_gutter=\u00a0\u00bboff\u00a0\u00bb gutter_width=\u00a0\u00bb3&Prime; padding_mobile=\u00a0\u00bboff\u00a0\u00bb allow_player_pause=\u00a0\u00bboff\u00a0\u00bb parallax=\u00a0\u00bboff\u00a0\u00bb parallax_method=\u00a0\u00bbon\u00a0\u00bb make_equal=\u00a0\u00bboff\u00a0\u00bb column_padding_mobile=\u00a0\u00bbon\u00a0\u00bb parallax_1=\u00a0\u00bboff\u00a0\u00bb parallax_method_1=\u00a0\u00bbon\u00a0\u00bb parallax_2=\u00a0\u00bboff\u00a0\u00bb parallax_method_2=\u00a0\u00bbon\u00a0\u00bb parallax_3=\u00a0\u00bboff\u00a0\u00bb parallax_method_3=\u00a0\u00bbon\u00a0\u00bb parallax_4=\u00a0\u00bboff\u00a0\u00bb parallax_method_4=\u00a0\u00bbon\u00a0\u00bb admin_label=\u00a0\u00bbrow\u00a0\u00bb disabled=\u00a0\u00bboff\u00a0\u00bb][et_pb_column type=\u00a0\u00bb1_4&Prime; disabled=\u00a0\u00bboff\u00a0\u00bb parallax=\u00a0\u00bboff\u00a0\u00bb parallax_method=\u00a0\u00bbon\u00a0\u00bb column_padding_mobile=\u00a0\u00bbon\u00a0\u00bb][et_pb_blurb url_new_window=\u00a0\u00bboff\u00a0\u00bb use_icon=\u00a0\u00bbon\u00a0\u00bb font_icon=\u00a0\u00bb%%138%%\u00a0\u00bb icon_color=\u00a0\u00bb#001f5b\u00a0\u00bb use_circle=\u00a0\u00bbon\u00a0\u00bb circle_color=\u00a0\u00bb#4ac7e9&Prime; use_circle_border=\u00a0\u00bboff\u00a0\u00bb circle_border_color=\u00a0\u00bb#1e73be\u00a0\u00bb icon_placement=\u00a0\u00bbtop\u00a0\u00bb animation=\u00a0\u00bboff\u00a0\u00bb background_layout=\u00a0\u00bblight\u00a0\u00bb text_orientation=\u00a0\u00bbleft\u00a0\u00bb use_icon_font_size=\u00a0\u00bbon\u00a0\u00bb icon_font_size=\u00a0\u00bb95&Prime; admin_label=\u00a0\u00bbR\u00e9sum\u00e9\u00a0\u00bb header_font=\u00a0\u00bbOpen Sans||||\u00a0\u00bb body_font=\u00a0\u00bbOpen Sans||||\u00a0\u00bb use_border_color=\u00a0\u00bboff\u00a0\u00bb border_color=\u00a0\u00bb#ffffff\u00a0\u00bb border_width=\u00a0\u00bb1px\u00a0\u00bb border_style=\u00a0\u00bbsolid\u00a0\u00bb disabled=\u00a0\u00bboff\u00a0\u00bb] [\/et_pb_blurb][\/et_pb_column][et_pb_column type=\u00a0\u00bb3_4&Prime; disabled=\u00a0\u00bboff\u00a0\u00bb parallax=\u00a0\u00bboff\u00a0\u00bb parallax_method=\u00a0\u00bbon\u00a0\u00bb column_padding_mobile=\u00a0\u00bbon\u00a0\u00bb][et_pb_text background_layout=\u00a0\u00bblight\u00a0\u00bb text_orientation=\u00a0\u00bbjustified\u00a0\u00bb admin_label=\u00a0\u00bbTexte\u00a0\u00bb text_font=\u00a0\u00bbOpen Sans||||\u00a0\u00bb text_text_color=\u00a0\u00bb#8a8a8a\u00a0\u00bb use_border_color=\u00a0\u00bboff\u00a0\u00bb border_style=\u00a0\u00bbsolid\u00a0\u00bb disabled=\u00a0\u00bboff\u00a0\u00bb]<\/p>\n<p>Delande est une soci&eacute;t&eacute; de Bourse sp&eacute;cialis&eacute;e dans le&nbsp;conseil en investissement. Nous mettons nos comp&eacute;tences &agrave; votre service, et en toute discr&eacute;tion, depuis 4 g&eacute;n&eacute;rations.&nbsp;Nous assurons un suivi actif et complet de votre portefeuille, en veillant &agrave; ce que toutes les op&eacute;rations soient effectu&eacute;es dans les meilleurs d&eacute;lais.&nbsp;<\/p>\n<p style=\"text-align: justify;\">Notre ind&eacute;pendance face &agrave; tout groupe financier, notre qualit&eacute; de&nbsp;services, notre disponibilit&eacute;, et notre&nbsp;gestion discr&eacute;tionnaire, nous ont permis de nous d&eacute;velopper gr&acirc;ce &agrave; la&nbsp;satisfaction de g&eacute;n&eacute;rations de clients.<\/p>\n<p>[\/et_pb_text][\/et_pb_column][\/et_pb_row][\/et_pb_section][et_pb_section transparent_background=\u00a0\u00bboff\u00a0\u00bb allow_player_pause=\u00a0\u00bboff\u00a0\u00bb inner_shadow=\u00a0\u00bboff\u00a0\u00bb parallax=\u00a0\u00bboff\u00a0\u00bb parallax_method=\u00a0\u00bbon\u00a0\u00bb padding_mobile=\u00a0\u00bboff\u00a0\u00bb make_fullwidth=\u00a0\u00bboff\u00a0\u00bb use_custom_width=\u00a0\u00bboff\u00a0\u00bb width_unit=\u00a0\u00bboff\u00a0\u00bb custom_width_px=\u00a0\u00bb1080px\u00a0\u00bb custom_width_percent=\u00a0\u00bb80%\u00a0\u00bb make_equal=\u00a0\u00bboff\u00a0\u00bb use_custom_gutter=\u00a0\u00bboff\u00a0\u00bb fullwidth=\u00a0\u00bboff\u00a0\u00bb specialty=\u00a0\u00bboff\u00a0\u00bb admin_label=\u00a0\u00bbsection\u00a0\u00bb disabled=\u00a0\u00bboff\u00a0\u00bb][et_pb_row make_fullwidth=\u00a0\u00bboff\u00a0\u00bb use_custom_width=\u00a0\u00bboff\u00a0\u00bb width_unit=\u00a0\u00bboff\u00a0\u00bb custom_width_px=\u00a0\u00bb1080px\u00a0\u00bb custom_width_percent=\u00a0\u00bb80%\u00a0\u00bb use_custom_gutter=\u00a0\u00bboff\u00a0\u00bb gutter_width=\u00a0\u00bb3&Prime; padding_mobile=\u00a0\u00bboff\u00a0\u00bb allow_player_pause=\u00a0\u00bboff\u00a0\u00bb parallax=\u00a0\u00bboff\u00a0\u00bb parallax_method=\u00a0\u00bbon\u00a0\u00bb make_equal=\u00a0\u00bboff\u00a0\u00bb column_padding_mobile=\u00a0\u00bbon\u00a0\u00bb parallax_1=\u00a0\u00bboff\u00a0\u00bb parallax_method_1=\u00a0\u00bbon\u00a0\u00bb parallax_2=\u00a0\u00bboff\u00a0\u00bb parallax_method_2=\u00a0\u00bbon\u00a0\u00bb parallax_3=\u00a0\u00bboff\u00a0\u00bb parallax_method_3=\u00a0\u00bbon\u00a0\u00bb parallax_4=\u00a0\u00bboff\u00a0\u00bb parallax_method_4=\u00a0\u00bbon\u00a0\u00bb admin_label=\u00a0\u00bbrow\u00a0\u00bb disabled=\u00a0\u00bboff\u00a0\u00bb][et_pb_column type=\u00a0\u00bb1_2&Prime; disabled=\u00a0\u00bboff\u00a0\u00bb parallax=\u00a0\u00bboff\u00a0\u00bb parallax_method=\u00a0\u00bbon\u00a0\u00bb column_padding_mobile=\u00a0\u00bbon\u00a0\u00bb][et_pb_blurb title=\u00a0\u00bbNotre histoire \u00a0\u00bb url=\u00a0\u00bbhttps:\/\/www.delande.be\/index.php\/nous-connaitre\/notre-histoire\/\u00a0\u00bb url_new_window=\u00a0\u00bboff\u00a0\u00bb use_icon=\u00a0\u00bboff\u00a0\u00bb icon_color=\u00a0\u00bb#7EBEC5&Prime; use_circle=\u00a0\u00bboff\u00a0\u00bb circle_color=\u00a0\u00bb#7EBEC5&Prime; use_circle_border=\u00a0\u00bboff\u00a0\u00bb circle_border_color=\u00a0\u00bb#7EBEC5&Prime; icon_placement=\u00a0\u00bbtop\u00a0\u00bb animation=\u00a0\u00bbtop\u00a0\u00bb background_layout=\u00a0\u00bblight\u00a0\u00bb text_orientation=\u00a0\u00bbleft\u00a0\u00bb use_icon_font_size=\u00a0\u00bboff\u00a0\u00bb icon_font_size=\u00a0\u00bb96px\u00a0\u00bb admin_label=\u00a0\u00bbhistoire\u00a0\u00bb use_border_color=\u00a0\u00bbon\u00a0\u00bb border_color=\u00a0\u00bb#bcbcbc\u00a0\u00bb border_width=\u00a0\u00bb3px\u00a0\u00bb border_style=\u00a0\u00bbdotted\u00a0\u00bb custom_margin=\u00a0\u00bb12|12|12|12&Prime; custom_padding=\u00a0\u00bb12|12|12|12&Prime; disabled=\u00a0\u00bboff\u00a0\u00bb]<\/p>\n<p>Fond\u00e9e en 1922, Delande est une soci\u00e9t\u00e9 de Bourse\u00a0ind\u00e9pendante contr\u00f4l\u00e9e par des actionnaires priv\u00e9s. Depuis toujours, la vocation unique de la soci\u00e9t\u00e9 est d\u2019apporter son expertise dans les placements mobiliers aupr\u00e8s d\u2019une client\u00e8le priv\u00e9e et de personnes morales.<\/p>\n<p>[\/et_pb_blurb][\/et_pb_column][et_pb_column type=\u00a0\u00bb1_2&Prime; disabled=\u00a0\u00bboff\u00a0\u00bb parallax=\u00a0\u00bboff\u00a0\u00bb parallax_method=\u00a0\u00bbon\u00a0\u00bb column_padding_mobile=\u00a0\u00bbon\u00a0\u00bb][et_pb_blurb title=\u00a0\u00bbNotre \u00e9quipe\u00a0\u00bb url=\u00a0\u00bbhttps:\/\/www.delande.be\/index.php\/nous-connaitre\/lequipe\/\u00a0\u00bb url_new_window=\u00a0\u00bboff\u00a0\u00bb use_icon=\u00a0\u00bboff\u00a0\u00bb icon_color=\u00a0\u00bb#7EBEC5&Prime; use_circle=\u00a0\u00bboff\u00a0\u00bb circle_color=\u00a0\u00bb#7EBEC5&Prime; use_circle_border=\u00a0\u00bboff\u00a0\u00bb circle_border_color=\u00a0\u00bb#7EBEC5&Prime; icon_placement=\u00a0\u00bbtop\u00a0\u00bb animation=\u00a0\u00bbtop\u00a0\u00bb background_layout=\u00a0\u00bblight\u00a0\u00bb text_orientation=\u00a0\u00bbleft\u00a0\u00bb use_icon_font_size=\u00a0\u00bboff\u00a0\u00bb icon_font_size=\u00a0\u00bb96px\u00a0\u00bb admin_label=\u00a0\u00bbNotre \u00e9quipe\u00a0\u00bb use_border_color=\u00a0\u00bbon\u00a0\u00bb border_color=\u00a0\u00bb#bcbcbc\u00a0\u00bb border_width=\u00a0\u00bb3px\u00a0\u00bb border_style=\u00a0\u00bbdotted\u00a0\u00bb custom_margin=\u00a0\u00bb12|12|12|12&Prime; custom_padding=\u00a0\u00bb12|12|12|12&Prime; disabled=\u00a0\u00bboff\u00a0\u00bb]<\/p>\n<p>Depuis quatre g\u00e9n\u00e9rations, nous restons une soci\u00e9t\u00e9 familiale, compos\u00e9e de profils compl\u00e9mentaires et \u00e0 votre service.\u00a0Nos conseillers sont sp\u00e9cialis\u00e9s dans l\u2019analyse et l\u2019assistance en gestion.<\/p>\n<p>[\/et_pb_blurb][\/et_pb_column][\/et_pb_row][\/et_pb_section]<\/p>\n","protected":false},"excerpt":{"rendered":"<p>Delande est une soci&eacute;t&eacute; de Bourse sp&eacute;cialis&eacute;e dans le&nbsp;conseil en investissement. Nous mettons nos comp&eacute;tences &agrave; votre service, et en toute discr&eacute;tion, depuis 4 g&eacute;n&eacute;rations.&nbsp;Nous assurons un suivi actif et complet de votre portefeuille, en veillant &agrave; ce que toutes les op&eacute;rations soient effectu&eacute;es dans les meilleurs d&eacute;lais.&nbsp; Notre ind&eacute;pendance face &agrave; tout groupe financier, [&hellip;]<\/p>\n","protected":false},"author":1,"featured_media":0,"parent":0,"menu_order":0,"comment_status":"closed","ping_status":"closed","template":"","meta":{"_et_pb_use_builder":"on","_et_pb_old_content":"","_et_gb_content_width":"","footnotes":""},"class_list":["post-556","page","type-page","status-publish","hentry"],"yoast_head":"<!-- This site is optimized with the Yoast SEO plugin v27.5 - https:\/\/yoast.com\/product\/yoast-seo-wordpress\/ -->\n<title>Nous conna\u00eetre - Delande &amp; Cie - Soci\u00e9t\u00e9 de Bourse<\/title>\n<meta name=\"description\" content=\"Delande est une soci\u00e9t\u00e9 de Bourse sp\u00e9cialis\u00e9e dans le conseil en investissement. Nous mettons nos comp\u00e9tences \u00e0 votre service, et en toute discr\u00e9tion.\" \/>\n<meta name=\"robots\" content=\"index, follow, max-snippet:-1, max-image-preview:large, max-video-preview:-1\" \/>\n<link rel=\"canonical\" href=\"https:\/\/www.delande.be\/index.php\/nous-connaitre\/\" \/>\n<meta property=\"og:locale\" content=\"fr_FR\" \/>\n<meta property=\"og:type\" content=\"article\" \/>\n<meta property=\"og:title\" content=\"Nous conna\u00eetre - Delande &amp; Cie - Soci\u00e9t\u00e9 de Bourse\" \/>\n<meta property=\"og:description\" content=\"Delande est une soci\u00e9t\u00e9 de Bourse sp\u00e9cialis\u00e9e dans le conseil en investissement. Nous mettons nos comp\u00e9tences \u00e0 votre service, et en toute discr\u00e9tion.\" \/>\n<meta property=\"og:url\" content=\"https:\/\/www.delande.be\/index.php\/nous-connaitre\/\" \/>\n<meta property=\"og:site_name\" content=\"Delande &amp; Cie - Soci\u00e9t\u00e9 de Bourse\" \/>\n<meta property=\"article:modified_time\" content=\"2017-03-27T12:01:42+00:00\" \/>\n<meta property=\"og:image\" content=\"https:\/\/www.delande.be\/wp-content\/uploads\/2016\/03\/logo-fr-horizontal-png.png\" \/>\n\t<meta property=\"og:image:width\" content=\"1481\" \/>\n\t<meta property=\"og:image:height\" content=\"419\" \/>\n\t<meta property=\"og:image:type\" content=\"image\/png\" \/>\n<meta name=\"twitter:card\" content=\"summary_large_image\" \/>\n<meta name=\"twitter:label1\" content=\"Dur\u00e9e de lecture estim\u00e9e\" \/>\n\t<meta name=\"twitter:data1\" content=\"5 minutes\" \/>\n<script type=\"application\/ld+json\" class=\"yoast-schema-graph\">{\"@context\":\"https:\\\/\\\/schema.org\",\"@graph\":[{\"@type\":\"WebPage\",\"@id\":\"https:\\\/\\\/www.delande.be\\\/index.php\\\/nous-connaitre\\\/\",\"url\":\"https:\\\/\\\/www.delande.be\\\/index.php\\\/nous-connaitre\\\/\",\"name\":\"Nous conna\u00eetre - Delande &amp; Cie - Soci\u00e9t\u00e9 de Bourse\",\"isPartOf\":{\"@id\":\"https:\\\/\\\/www.delande.be\\\/#website\"},\"datePublished\":\"2016-01-27T15:30:22+00:00\",\"dateModified\":\"2017-03-27T12:01:42+00:00\",\"description\":\"Delande est une soci\u00e9t\u00e9 de Bourse sp\u00e9cialis\u00e9e dans le conseil en investissement. Nous mettons nos comp\u00e9tences \u00e0 votre service, et en toute discr\u00e9tion.\",\"breadcrumb\":{\"@id\":\"https:\\\/\\\/www.delande.be\\\/index.php\\\/nous-connaitre\\\/#breadcrumb\"},\"inLanguage\":\"fr-FR\",\"potentialAction\":[{\"@type\":\"ReadAction\",\"target\":[\"https:\\\/\\\/www.delande.be\\\/index.php\\\/nous-connaitre\\\/\"]}]},{\"@type\":\"BreadcrumbList\",\"@id\":\"https:\\\/\\\/www.delande.be\\\/index.php\\\/nous-connaitre\\\/#breadcrumb\",\"itemListElement\":[{\"@type\":\"ListItem\",\"position\":1,\"name\":\"Accueil\",\"item\":\"https:\\\/\\\/www.delande.be\\\/\"},{\"@type\":\"ListItem\",\"position\":2,\"name\":\"Nous conna\u00eetre\"}]},{\"@type\":\"WebSite\",\"@id\":\"https:\\\/\\\/www.delande.be\\\/#website\",\"url\":\"https:\\\/\\\/www.delande.be\\\/\",\"name\":\"Delande &amp; Cie - Soci\u00e9t\u00e9 de Bourse\",\"description\":\"Votre Conseiller en Investissement\",\"publisher\":{\"@id\":\"https:\\\/\\\/www.delande.be\\\/#organization\"},\"potentialAction\":[{\"@type\":\"SearchAction\",\"target\":{\"@type\":\"EntryPoint\",\"urlTemplate\":\"https:\\\/\\\/www.delande.be\\\/?s={search_term_string}\"},\"query-input\":{\"@type\":\"PropertyValueSpecification\",\"valueRequired\":true,\"valueName\":\"search_term_string\"}}],\"inLanguage\":\"fr-FR\"},{\"@type\":\"Organization\",\"@id\":\"https:\\\/\\\/www.delande.be\\\/#organization\",\"name\":\"Delande et cie\",\"url\":\"https:\\\/\\\/www.delande.be\\\/\",\"logo\":{\"@type\":\"ImageObject\",\"inLanguage\":\"fr-FR\",\"@id\":\"https:\\\/\\\/www.delande.be\\\/#\\\/schema\\\/logo\\\/image\\\/\",\"url\":\"https:\\\/\\\/www.delande.be\\\/wp-content\\\/uploads\\\/2016\\\/03\\\/Delande-HOR-FR-RGB1-e1462189765843.jpg\",\"contentUrl\":\"https:\\\/\\\/www.delande.be\\\/wp-content\\\/uploads\\\/2016\\\/03\\\/Delande-HOR-FR-RGB1-e1462189765843.jpg\",\"width\":740,\"height\":209,\"caption\":\"Delande et cie\"},\"image\":{\"@id\":\"https:\\\/\\\/www.delande.be\\\/#\\\/schema\\\/logo\\\/image\\\/\"}}]}<\/script>\n<!-- \/ Yoast SEO plugin. -->","yoast_head_json":{"title":"Nous conna\u00eetre - Delande &amp; Cie - Soci\u00e9t\u00e9 de Bourse","description":"Delande est une soci\u00e9t\u00e9 de Bourse sp\u00e9cialis\u00e9e dans le conseil en investissement. Nous mettons nos comp\u00e9tences \u00e0 votre service, et en toute discr\u00e9tion.","robots":{"index":"index","follow":"follow","max-snippet":"max-snippet:-1","max-image-preview":"max-image-preview:large","max-video-preview":"max-video-preview:-1"},"canonical":"https:\/\/www.delande.be\/index.php\/nous-connaitre\/","og_locale":"fr_FR","og_type":"article","og_title":"Nous conna\u00eetre - Delande &amp; Cie - Soci\u00e9t\u00e9 de Bourse","og_description":"Delande est une soci\u00e9t\u00e9 de Bourse sp\u00e9cialis\u00e9e dans le conseil en investissement. Nous mettons nos comp\u00e9tences \u00e0 votre service, et en toute discr\u00e9tion.","og_url":"https:\/\/www.delande.be\/index.php\/nous-connaitre\/","og_site_name":"Delande &amp; Cie - Soci\u00e9t\u00e9 de Bourse","article_modified_time":"2017-03-27T12:01:42+00:00","og_image":[{"width":1481,"height":419,"url":"https:\/\/www.delande.be\/wp-content\/uploads\/2016\/03\/logo-fr-horizontal-png.png","type":"image\/png"}],"twitter_card":"summary_large_image","twitter_misc":{"Dur\u00e9e de lecture estim\u00e9e":"5 minutes"},"schema":{"@context":"https:\/\/schema.org","@graph":[{"@type":"WebPage","@id":"https:\/\/www.delande.be\/index.php\/nous-connaitre\/","url":"https:\/\/www.delande.be\/index.php\/nous-connaitre\/","name":"Nous conna\u00eetre - Delande &amp; Cie - Soci\u00e9t\u00e9 de Bourse","isPartOf":{"@id":"https:\/\/www.delande.be\/#website"},"datePublished":"2016-01-27T15:30:22+00:00","dateModified":"2017-03-27T12:01:42+00:00","description":"Delande est une soci\u00e9t\u00e9 de Bourse sp\u00e9cialis\u00e9e dans le conseil en investissement. Nous mettons nos comp\u00e9tences \u00e0 votre service, et en toute discr\u00e9tion.","breadcrumb":{"@id":"https:\/\/www.delande.be\/index.php\/nous-connaitre\/#breadcrumb"},"inLanguage":"fr-FR","potentialAction":[{"@type":"ReadAction","target":["https:\/\/www.delande.be\/index.php\/nous-connaitre\/"]}]},{"@type":"BreadcrumbList","@id":"https:\/\/www.delande.be\/index.php\/nous-connaitre\/#breadcrumb","itemListElement":[{"@type":"ListItem","position":1,"name":"Accueil","item":"https:\/\/www.delande.be\/"},{"@type":"ListItem","position":2,"name":"Nous conna\u00eetre"}]},{"@type":"WebSite","@id":"https:\/\/www.delande.be\/#website","url":"https:\/\/www.delande.be\/","name":"Delande &amp; Cie - Soci\u00e9t\u00e9 de Bourse","description":"Votre Conseiller en Investissement","publisher":{"@id":"https:\/\/www.delande.be\/#organization"},"potentialAction":[{"@type":"SearchAction","target":{"@type":"EntryPoint","urlTemplate":"https:\/\/www.delande.be\/?s={search_term_string}"},"query-input":{"@type":"PropertyValueSpecification","valueRequired":true,"valueName":"search_term_string"}}],"inLanguage":"fr-FR"},{"@type":"Organization","@id":"https:\/\/www.delande.be\/#organization","name":"Delande et cie","url":"https:\/\/www.delande.be\/","logo":{"@type":"ImageObject","inLanguage":"fr-FR","@id":"https:\/\/www.delande.be\/#\/schema\/logo\/image\/","url":"https:\/\/www.delande.be\/wp-content\/uploads\/2016\/03\/Delande-HOR-FR-RGB1-e1462189765843.jpg","contentUrl":"https:\/\/www.delande.be\/wp-content\/uploads\/2016\/03\/Delande-HOR-FR-RGB1-e1462189765843.jpg","width":740,"height":209,"caption":"Delande et cie"},"image":{"@id":"https:\/\/www.delande.be\/#\/schema\/logo\/image\/"}}]}},"_links":{"self":[{"href":"https:\/\/www.delande.be\/index.php\/wp-json\/wp\/v2\/pages\/556","targetHints":{"allow":["GET"]}}],"collection":[{"href":"https:\/\/www.delande.be\/index.php\/wp-json\/wp\/v2\/pages"}],"about":[{"href":"https:\/\/www.delande.be\/index.php\/wp-json\/wp\/v2\/types\/page"}],"author":[{"embeddable":true,"href":"https:\/\/www.delande.be\/index.php\/wp-json\/wp\/v2\/users\/1"}],"replies":[{"embeddable":true,"href":"https:\/\/www.delande.be\/index.php\/wp-json\/wp\/v2\/comments?post=556"}],"version-history":[{"count":14,"href":"https:\/\/www.delande.be\/index.php\/wp-json\/wp\/v2\/pages\/556\/revisions"}],"predecessor-version":[{"id":974,"href":"https:\/\/www.delande.be\/index.php\/wp-json\/wp\/v2\/pages\/556\/revisions\/974"}],"wp:attachment":[{"href":"https:\/\/www.delande.be\/index.php\/wp-json\/wp\/v2\/media?parent=556"}],"curies":[{"name":"wp","href":"https:\/\/api.w.org\/{rel}","templated":true}]}}