{"id":73,"date":"2015-09-02T10:59:56","date_gmt":"2015-09-02T09:59:56","guid":{"rendered":"http:\/\/10.0.0.210\/?page_id=73"},"modified":"2018-06-13T14:07:38","modified_gmt":"2018-06-13T12:07:38","slug":"delande-online","status":"publish","type":"page","link":"https:\/\/www.delande.be\/index.php\/nos-services\/delande-online\/","title":{"rendered":"Delande Online"},"content":{"rendered":"<p>[et_pb_section fb_built=\u00a0\u00bb1&Prime; custom_padding_last_edited=\u00a0\u00bbon|desktop\u00a0\u00bb admin_label=\u00a0\u00bbSection\u00a0\u00bb _builder_version=\u00a0\u00bb3.0.47&Prime; custom_padding_tablet=\u00a0\u00bb50px|0|50px|0&Prime; transparent_background=\u00a0\u00bboff\u00a0\u00bb padding_mobile=\u00a0\u00bboff\u00a0\u00bb][et_pb_row padding_mobile=\u00a0\u00bboff\u00a0\u00bb column_padding_mobile=\u00a0\u00bbon\u00a0\u00bb admin_label=\u00a0\u00bbLigne\u00a0\u00bb _builder_version=\u00a0\u00bb3.0.47&Prime; background_size=\u00a0\u00bbinitial\u00a0\u00bb background_position=\u00a0\u00bbtop_left\u00a0\u00bb background_repeat=\u00a0\u00bbrepeat\u00a0\u00bb][et_pb_column type=\u00a0\u00bb4_4&Prime; _builder_version=\u00a0\u00bb3.0.47&Prime; column_padding_mobile=\u00a0\u00bbon\u00a0\u00bb parallax=\u00a0\u00bboff\u00a0\u00bb parallax_method=\u00a0\u00bbon\u00a0\u00bb][\/et_pb_column][\/et_pb_row][\/et_pb_section][et_pb_section fb_built=\u00a0\u00bb1&Prime; custom_padding_last_edited=\u00a0\u00bbon|desktop\u00a0\u00bb admin_label=\u00a0\u00bbsection\u00a0\u00bb _builder_version=\u00a0\u00bb3.0.47&Prime; custom_padding_tablet=\u00a0\u00bb50px|0|50px|0&Prime; transparent_background=\u00a0\u00bboff\u00a0\u00bb padding_mobile=\u00a0\u00bboff\u00a0\u00bb][et_pb_row custom_padding=\u00a0\u00bb26.0156px|0px|27px|0px\u00a0\u00bb padding_mobile=\u00a0\u00bboff\u00a0\u00bb column_padding_mobile=\u00a0\u00bbon\u00a0\u00bb admin_label=\u00a0\u00bbrow\u00a0\u00bb _builder_version=\u00a0\u00bb3.0.47&Prime; background_size=\u00a0\u00bbinitial\u00a0\u00bb background_position=\u00a0\u00bbtop_left\u00a0\u00bb background_repeat=\u00a0\u00bbrepeat\u00a0\u00bb][et_pb_column type=\u00a0\u00bb4_4&Prime; _builder_version=\u00a0\u00bb3.0.47&Prime; column_padding_mobile=\u00a0\u00bbon\u00a0\u00bb parallax=\u00a0\u00bboff\u00a0\u00bb parallax_method=\u00a0\u00bbon\u00a0\u00bb][et_pb_text admin_label=\u00a0\u00bbTexte\u00a0\u00bb _builder_version=\u00a0\u00bb3.0.47&Prime; text_font=\u00a0\u00bbOpen Sans|on|||\u00a0\u00bb text_text_color=\u00a0\u00bb#001f5b\u00a0\u00bb text_font_size=\u00a0\u00bb22&Prime; background_size=\u00a0\u00bbinitial\u00a0\u00bb background_position=\u00a0\u00bbtop_left\u00a0\u00bb background_repeat=\u00a0\u00bbrepeat\u00a0\u00bb custom_margin=\u00a0\u00bb||32|\u00a0\u00bb use_border_color=\u00a0\u00bboff\u00a0\u00bb border_style=\u00a0\u00bbsolid\u00a0\u00bb]Delande\u00a0Online<br \/>\n[\/et_pb_text][\/et_pb_column][\/et_pb_row][et_pb_row padding_mobile=\u00a0\u00bboff\u00a0\u00bb column_padding_mobile=\u00a0\u00bbon\u00a0\u00bb admin_label=\u00a0\u00bbrow\u00a0\u00bb _builder_version=\u00a0\u00bb3.0.47&Prime; background_size=\u00a0\u00bbinitial\u00a0\u00bb background_position=\u00a0\u00bbtop_left\u00a0\u00bb background_repeat=\u00a0\u00bbrepeat\u00a0\u00bb][et_pb_column type=\u00a0\u00bb1_4&Prime; _builder_version=\u00a0\u00bb3.0.47&Prime; column_padding_mobile=\u00a0\u00bbon\u00a0\u00bb parallax=\u00a0\u00bboff\u00a0\u00bb parallax_method=\u00a0\u00bbon\u00a0\u00bb][et_pb_blurb use_icon=\u00a0\u00bbon\u00a0\u00bb font_icon=\u00a0\u00bb%%107%%\u00a0\u00bb use_circle=\u00a0\u00bbon\u00a0\u00bb circle_color=\u00a0\u00bb#4ac7e9&Prime; use_icon_font_size=\u00a0\u00bbon\u00a0\u00bb icon_font_size=\u00a0\u00bb95&Prime; admin_label=\u00a0\u00bbR\u00e9sum\u00e9\u00a0\u00bb _builder_version=\u00a0\u00bb3.0.47&Prime; background_size=\u00a0\u00bbinitial\u00a0\u00bb background_position=\u00a0\u00bbtop_left\u00a0\u00bb background_repeat=\u00a0\u00bbrepeat\u00a0\u00bb animation=\u00a0\u00bboff\u00a0\u00bb use_border_color=\u00a0\u00bboff\u00a0\u00bb border_color=\u00a0\u00bb#ffffff\u00a0\u00bb border_width=\u00a0\u00bb1px\u00a0\u00bb border_style=\u00a0\u00bbsolid\u00a0\u00bb] [\/et_pb_blurb][\/et_pb_column][et_pb_column type=\u00a0\u00bb3_4&Prime; _builder_version=\u00a0\u00bb3.0.47&Prime; column_padding_mobile=\u00a0\u00bbon\u00a0\u00bb parallax=\u00a0\u00bboff\u00a0\u00bb parallax_method=\u00a0\u00bbon\u00a0\u00bb][et_pb_text admin_label=\u00a0\u00bbTexte\u00a0\u00bb _builder_version=\u00a0\u00bb3.0.47&Prime; text_font=\u00a0\u00bbOpen Sans||||\u00a0\u00bb background_size=\u00a0\u00bbinitial\u00a0\u00bb background_position=\u00a0\u00bbtop_left\u00a0\u00bb background_repeat=\u00a0\u00bbrepeat\u00a0\u00bb text_orientation=\u00a0\u00bbjustified\u00a0\u00bb use_border_color=\u00a0\u00bboff\u00a0\u00bb border_style=\u00a0\u00bbsolid\u00a0\u00bb]<\/p>\n<p>Depuis quelques temps, nous mettons \u00e0 votre disponibilit\u00e9, gratuitement et sur simple demande, une plateforme con\u00e7ue sur mesure pour r\u00e9pondre aux attentes de nos clients.<\/p>\n<p>Vous pouvez\u00a0y consulter le d\u00e9tail de vos portefeuilles, l&rsquo;estimation de vos comptes, les op\u00e9rations effectu\u00e9es ainsi que vos performances. <br \/>Nos r\u00e9capitulatifs graphiques vous permettent d&rsquo;\u00e9valuer au mieux la r\u00e9partition de vos actifs et d&rsquo;avoir une vision d&rsquo;ensemble de vos portefeuilles.<\/p>\n<p>Vous pouvez \u00e9galement utiliser notre outil de \u00ab\u00a0consolidation\u00a0\u00bb de comptes, pour un meilleur aper\u00e7u de tous vos avoirs.<\/p>\n<p>Cette interface en ligne r\u00e9pond aux normes les plus strictes en mati\u00e8re de s\u00e9curit\u00e9.<\/p>\n<p>Nous vous proposons donc un syst\u00e8me complet et performant pour vous aider \u00e0 g\u00e9rer vos avoirs en ligne et en toute s\u00e9curit\u00e9.\u00a0<\/p>\n<p>&nbsp;<\/p>\n<p>[\/et_pb_text][\/et_pb_column][\/et_pb_row][et_pb_row padding_mobile=\u00a0\u00bboff\u00a0\u00bb column_padding_mobile=\u00a0\u00bbon\u00a0\u00bb admin_label=\u00a0\u00bbrow\u00a0\u00bb _builder_version=\u00a0\u00bb3.0.47&Prime; background_size=\u00a0\u00bbinitial\u00a0\u00bb background_position=\u00a0\u00bbtop_left\u00a0\u00bb background_repeat=\u00a0\u00bbrepeat\u00a0\u00bb][et_pb_column type=\u00a0\u00bb1_3&Prime; _builder_version=\u00a0\u00bb3.0.47&Prime; column_padding_mobile=\u00a0\u00bbon\u00a0\u00bb parallax=\u00a0\u00bboff\u00a0\u00bb parallax_method=\u00a0\u00bbon\u00a0\u00bb][\/et_pb_column][et_pb_column type=\u00a0\u00bb1_3&Prime; _builder_version=\u00a0\u00bb3.0.47&Prime; column_padding_mobile=\u00a0\u00bbon\u00a0\u00bb parallax=\u00a0\u00bboff\u00a0\u00bb parallax_method=\u00a0\u00bbon\u00a0\u00bb][\/et_pb_column][et_pb_column type=\u00a0\u00bb1_3&Prime; _builder_version=\u00a0\u00bb3.0.47&Prime; column_padding_mobile=\u00a0\u00bbon\u00a0\u00bb parallax=\u00a0\u00bboff\u00a0\u00bb parallax_method=\u00a0\u00bbon\u00a0\u00bb][\/et_pb_column][\/et_pb_row][et_pb_row padding_mobile=\u00a0\u00bboff\u00a0\u00bb column_padding_mobile=\u00a0\u00bbon\u00a0\u00bb admin_label=\u00a0\u00bbrow\u00a0\u00bb _builder_version=\u00a0\u00bb3.0.47&Prime; background_size=\u00a0\u00bbinitial\u00a0\u00bb background_position=\u00a0\u00bbtop_left\u00a0\u00bb background_repeat=\u00a0\u00bbrepeat\u00a0\u00bb][et_pb_column type=\u00a0\u00bb1_3&Prime; _builder_version=\u00a0\u00bb3.0.47&Prime; column_padding_mobile=\u00a0\u00bbon\u00a0\u00bb parallax=\u00a0\u00bboff\u00a0\u00bb parallax_method=\u00a0\u00bbon\u00a0\u00bb][\/et_pb_column][et_pb_column type=\u00a0\u00bb2_3&Prime; _builder_version=\u00a0\u00bb3.0.47&Prime; column_padding_mobile=\u00a0\u00bbon\u00a0\u00bb parallax=\u00a0\u00bboff\u00a0\u00bb parallax_method=\u00a0\u00bbon\u00a0\u00bb][et_pb_blurb title=\u00a0\u00bb \u00a0\u00bb admin_label=\u00a0\u00bbR\u00e9sum\u00e9\u00a0\u00bb _builder_version=\u00a0\u00bb3.0.47&Prime; background_size=\u00a0\u00bbinitial\u00a0\u00bb background_position=\u00a0\u00bbtop_left\u00a0\u00bb background_repeat=\u00a0\u00bbrepeat\u00a0\u00bb use_border_color=\u00a0\u00bboff\u00a0\u00bb border_color=\u00a0\u00bb#ffffff\u00a0\u00bb border_width=\u00a0\u00bb1px\u00a0\u00bb border_style=\u00a0\u00bbsolid\u00a0\u00bb] [\/et_pb_blurb][\/et_pb_column][\/et_pb_row][et_pb_row padding_mobile=\u00a0\u00bboff\u00a0\u00bb column_padding_mobile=\u00a0\u00bbon\u00a0\u00bb admin_label=\u00a0\u00bbrow\u00a0\u00bb _builder_version=\u00a0\u00bb3.0.47&Prime; background_size=\u00a0\u00bbinitial\u00a0\u00bb background_position=\u00a0\u00bbtop_left\u00a0\u00bb background_repeat=\u00a0\u00bbrepeat\u00a0\u00bb][et_pb_column type=\u00a0\u00bb1_3&Prime; _builder_version=\u00a0\u00bb3.0.47&Prime; column_padding_mobile=\u00a0\u00bbon\u00a0\u00bb parallax=\u00a0\u00bboff\u00a0\u00bb parallax_method=\u00a0\u00bbon\u00a0\u00bb][et_pb_blurb title=\u00a0\u00bbConseil en Investissement\u00a0\u00bb url=\u00a0\u00bbhttps:\/\/www.delande.be\/index.php\/nos-services\/conseil-patrimonial\/\u00a0\u00bb admin_label=\u00a0\u00bbConseil en Investissement\u00a0\u00bb _builder_version=\u00a0\u00bb3.0.47&Prime; header_font=\u00a0\u00bbOpen Sans||||\u00a0\u00bb header_font_size=\u00a0\u00bb18&Prime; body_font=\u00a0\u00bbOpen Sans||||\u00a0\u00bb background_size=\u00a0\u00bbinitial\u00a0\u00bb background_position=\u00a0\u00bbtop_left\u00a0\u00bb background_repeat=\u00a0\u00bbrepeat\u00a0\u00bb border_width_all=\u00a0\u00bb3px\u00a0\u00bb border_color_all=\u00a0\u00bb#bcbcbc\u00a0\u00bb border_style_all=\u00a0\u00bbdotted\u00a0\u00bb custom_margin=\u00a0\u00bb12|12|12|12&Prime; custom_padding=\u00a0\u00bb12|12|12|12&Prime; use_border_color=\u00a0\u00bbon\u00a0\u00bb border_color=\u00a0\u00bb#bcbcbc\u00a0\u00bb border_width=\u00a0\u00bb3px\u00a0\u00bb border_style=\u00a0\u00bbdotted\u00a0\u00bb]Un conseil personnalis\u00e9 et pertinent, en toute ind\u00e9pendance, pour vos investissements.<br \/>\n[\/et_pb_blurb][\/et_pb_column][et_pb_column type=\u00a0\u00bb1_3&Prime; _builder_version=\u00a0\u00bb3.0.47&Prime; column_padding_mobile=\u00a0\u00bbon\u00a0\u00bb parallax=\u00a0\u00bboff\u00a0\u00bb parallax_method=\u00a0\u00bbon\u00a0\u00bb][et_pb_blurb title=\u00a0\u00bbPersonnes Morales\u00a0\u00bb url=\u00a0\u00bbhttps:\/\/www.delande.be\/index.php\/nos-services\/asbl\/\u00a0\u00bb admin_label=\u00a0\u00bbASBL\u00a0\u00bb _builder_version=\u00a0\u00bb3.0.47&Prime; header_font=\u00a0\u00bbOpen Sans||||\u00a0\u00bb header_font_size=\u00a0\u00bb18&Prime; body_font=\u00a0\u00bbOpen Sans||||\u00a0\u00bb background_size=\u00a0\u00bbinitial\u00a0\u00bb background_position=\u00a0\u00bbtop_left\u00a0\u00bb background_repeat=\u00a0\u00bbrepeat\u00a0\u00bb border_width_all=\u00a0\u00bb3px\u00a0\u00bb border_color_all=\u00a0\u00bb#bcbcbc\u00a0\u00bb border_style_all=\u00a0\u00bbdotted\u00a0\u00bb custom_margin=\u00a0\u00bb12|12|12|12&Prime; custom_padding=\u00a0\u00bb12|12|12|12&Prime; use_border_color=\u00a0\u00bbon\u00a0\u00bb border_color=\u00a0\u00bb#bcbcbc\u00a0\u00bb border_width=\u00a0\u00bb3px\u00a0\u00bb border_style=\u00a0\u00bbdotted\u00a0\u00bb]Delande a d\u00e9velopp\u00e9 une expertise plus sp\u00e9cifique pour la gestion financi\u00e8re des personnes morales.<br \/>\n[\/et_pb_blurb][\/et_pb_column][et_pb_column type=\u00a0\u00bb1_3&Prime; _builder_version=\u00a0\u00bb3.0.47&Prime; column_padding_mobile=\u00a0\u00bbon\u00a0\u00bb parallax=\u00a0\u00bboff\u00a0\u00bb parallax_method=\u00a0\u00bbon\u00a0\u00bb][et_pb_blurb title=\u00a0\u00bbEn savoir plus\u00a0\u00bb url=\u00a0\u00bbhttps:\/\/www.delande.be\/index.php\/contact\/\u00a0\u00bb admin_label=\u00a0\u00bbcontact\u00a0\u00bb _builder_version=\u00a0\u00bb3.0.47&Prime; header_font=\u00a0\u00bbOpen Sans||||\u00a0\u00bb header_font_size=\u00a0\u00bb18&Prime; body_font=\u00a0\u00bbOpen Sans||||\u00a0\u00bb background_size=\u00a0\u00bbinitial\u00a0\u00bb background_position=\u00a0\u00bbtop_left\u00a0\u00bb background_repeat=\u00a0\u00bbrepeat\u00a0\u00bb border_width_all=\u00a0\u00bb3px\u00a0\u00bb border_color_all=\u00a0\u00bb#bcbcbc\u00a0\u00bb border_style_all=\u00a0\u00bbdotted\u00a0\u00bb custom_margin=\u00a0\u00bb12|12|12|12&Prime; custom_padding=\u00a0\u00bb12|12|12|12&Prime; use_border_color=\u00a0\u00bbon\u00a0\u00bb border_color=\u00a0\u00bb#bcbcbc\u00a0\u00bb border_width=\u00a0\u00bb3px\u00a0\u00bb border_style=\u00a0\u00bbdotted\u00a0\u00bb]Une question? Une demande? Un conseil? N&rsquo;h\u00e9sitez pas \u00e0 nous contacter, nous sommes \u00e0 votre service.<br \/>\n[\/et_pb_blurb][\/et_pb_column][\/et_pb_row][\/et_pb_section][et_pb_section fb_built=\u00a0\u00bb1&Prime; custom_padding_last_edited=\u00a0\u00bbon|desktop\u00a0\u00bb admin_label=\u00a0\u00bbSection\u00a0\u00bb _builder_version=\u00a0\u00bb3.0.47&Prime; custom_padding_tablet=\u00a0\u00bb50px|0|50px|0&Prime; transparent_background=\u00a0\u00bboff\u00a0\u00bb padding_mobile=\u00a0\u00bboff\u00a0\u00bb][et_pb_row padding_mobile=\u00a0\u00bboff\u00a0\u00bb column_padding_mobile=\u00a0\u00bbon\u00a0\u00bb admin_label=\u00a0\u00bbLigne\u00a0\u00bb _builder_version=\u00a0\u00bb3.0.47&Prime; background_size=\u00a0\u00bbinitial\u00a0\u00bb background_position=\u00a0\u00bbtop_left\u00a0\u00bb background_repeat=\u00a0\u00bbrepeat\u00a0\u00bb][et_pb_column type=\u00a0\u00bb4_4&Prime; _builder_version=\u00a0\u00bb3.0.47&Prime; column_padding_mobile=\u00a0\u00bbon\u00a0\u00bb parallax=\u00a0\u00bboff\u00a0\u00bb parallax_method=\u00a0\u00bbon\u00a0\u00bb][\/et_pb_column][\/et_pb_row][et_pb_row padding_mobile=\u00a0\u00bboff\u00a0\u00bb column_padding_mobile=\u00a0\u00bbon\u00a0\u00bb admin_label=\u00a0\u00bbLigne\u00a0\u00bb _builder_version=\u00a0\u00bb3.0.47&Prime; background_size=\u00a0\u00bbinitial\u00a0\u00bb background_position=\u00a0\u00bbtop_left\u00a0\u00bb background_repeat=\u00a0\u00bbrepeat\u00a0\u00bb][et_pb_column type=\u00a0\u00bb4_4&Prime; _builder_version=\u00a0\u00bb3.0.47&Prime; column_padding_mobile=\u00a0\u00bbon\u00a0\u00bb parallax=\u00a0\u00bboff\u00a0\u00bb parallax_method=\u00a0\u00bbon\u00a0\u00bb][\/et_pb_column][\/et_pb_row][et_pb_row padding_mobile=\u00a0\u00bboff\u00a0\u00bb column_padding_mobile=\u00a0\u00bbon\u00a0\u00bb admin_label=\u00a0\u00bbLigne\u00a0\u00bb _builder_version=\u00a0\u00bb3.0.47&Prime; background_size=\u00a0\u00bbinitial\u00a0\u00bb background_position=\u00a0\u00bbtop_left\u00a0\u00bb background_repeat=\u00a0\u00bbrepeat\u00a0\u00bb][et_pb_column type=\u00a0\u00bb4_4&Prime; _builder_version=\u00a0\u00bb3.0.47&Prime; column_padding_mobile=\u00a0\u00bbon\u00a0\u00bb parallax=\u00a0\u00bboff\u00a0\u00bb parallax_method=\u00a0\u00bbon\u00a0\u00bb][\/et_pb_column][\/et_pb_row][\/et_pb_section]<\/p>\n","protected":false},"excerpt":{"rendered":"<p>Delande\u00a0Online Depuis quelques temps, nous mettons \u00e0 votre disponibilit\u00e9, gratuitement et sur simple demande, une plateforme con\u00e7ue sur mesure pour r\u00e9pondre aux attentes de nos clients. Vous pouvez\u00a0y consulter le d\u00e9tail de vos portefeuilles, l&rsquo;estimation de vos comptes, les op\u00e9rations effectu\u00e9es ainsi que vos performances. Nos r\u00e9capitulatifs graphiques vous permettent d&rsquo;\u00e9valuer au mieux la r\u00e9partition [&hellip;]<\/p>\n","protected":false},"author":1,"featured_media":0,"parent":57,"menu_order":3,"comment_status":"open","ping_status":"closed","template":"","meta":{"_et_pb_use_builder":"on","_et_pb_old_content":"<p>Trop bien, vous pouvez voir vos comptes en ligne<\/p>","_et_gb_content_width":"","footnotes":""},"class_list":["post-73","page","type-page","status-publish","hentry"],"yoast_head":"<!-- This site is optimized with the Yoast SEO plugin v27.5 - https:\/\/yoast.com\/product\/yoast-seo-wordpress\/ -->\n<title>Delande Online - Delande &amp; Cie - Soci\u00e9t\u00e9 de Bourse<\/title>\n<meta name=\"description\" content=\"Gr\u00e2ce \u00e0 notre syst\u00e8me de gestion de compte, simple et totalement s\u00e9curis\u00e9, vous pouvez \u00e0 tout moment consulter vos comptes.\" \/>\n<meta name=\"robots\" content=\"index, follow, max-snippet:-1, max-image-preview:large, max-video-preview:-1\" \/>\n<link rel=\"canonical\" href=\"https:\/\/www.delande.be\/index.php\/nos-services\/delande-online\/\" \/>\n<meta property=\"og:locale\" content=\"fr_FR\" \/>\n<meta property=\"og:type\" content=\"article\" \/>\n<meta property=\"og:title\" content=\"Delande Online - Delande &amp; Cie - Soci\u00e9t\u00e9 de Bourse\" \/>\n<meta property=\"og:description\" content=\"Gr\u00e2ce \u00e0 notre syst\u00e8me de gestion de compte, simple et totalement s\u00e9curis\u00e9, vous pouvez \u00e0 tout moment consulter vos comptes.\" \/>\n<meta property=\"og:url\" content=\"https:\/\/www.delande.be\/index.php\/nos-services\/delande-online\/\" \/>\n<meta property=\"og:site_name\" content=\"Delande &amp; Cie - Soci\u00e9t\u00e9 de Bourse\" \/>\n<meta property=\"article:modified_time\" content=\"2018-06-13T12:07:38+00:00\" \/>\n<meta property=\"og:image\" content=\"https:\/\/www.delande.be\/wp-content\/uploads\/2016\/03\/logo-fr-horizontal-png.png\" \/>\n\t<meta property=\"og:image:width\" content=\"1481\" \/>\n\t<meta property=\"og:image:height\" content=\"419\" \/>\n\t<meta property=\"og:image:type\" content=\"image\/png\" \/>\n<meta name=\"twitter:card\" content=\"summary_large_image\" \/>\n<meta name=\"twitter:label1\" content=\"Dur\u00e9e de lecture estim\u00e9e\" \/>\n\t<meta name=\"twitter:data1\" content=\"6 minutes\" \/>\n<script type=\"application\/ld+json\" class=\"yoast-schema-graph\">{\"@context\":\"https:\\\/\\\/schema.org\",\"@graph\":[{\"@type\":\"WebPage\",\"@id\":\"https:\\\/\\\/www.delande.be\\\/index.php\\\/nos-services\\\/delande-online\\\/\",\"url\":\"https:\\\/\\\/www.delande.be\\\/index.php\\\/nos-services\\\/delande-online\\\/\",\"name\":\"Delande Online - Delande &amp; Cie - Soci\u00e9t\u00e9 de Bourse\",\"isPartOf\":{\"@id\":\"https:\\\/\\\/www.delande.be\\\/#website\"},\"datePublished\":\"2015-09-02T09:59:56+00:00\",\"dateModified\":\"2018-06-13T12:07:38+00:00\",\"description\":\"Gr\u00e2ce \u00e0 notre syst\u00e8me de gestion de compte, simple et totalement s\u00e9curis\u00e9, vous pouvez \u00e0 tout moment consulter vos comptes.\",\"breadcrumb\":{\"@id\":\"https:\\\/\\\/www.delande.be\\\/index.php\\\/nos-services\\\/delande-online\\\/#breadcrumb\"},\"inLanguage\":\"fr-FR\",\"potentialAction\":[{\"@type\":\"ReadAction\",\"target\":[\"https:\\\/\\\/www.delande.be\\\/index.php\\\/nos-services\\\/delande-online\\\/\"]}]},{\"@type\":\"BreadcrumbList\",\"@id\":\"https:\\\/\\\/www.delande.be\\\/index.php\\\/nos-services\\\/delande-online\\\/#breadcrumb\",\"itemListElement\":[{\"@type\":\"ListItem\",\"position\":1,\"name\":\"Accueil\",\"item\":\"https:\\\/\\\/www.delande.be\\\/\"},{\"@type\":\"ListItem\",\"position\":2,\"name\":\"Nos Services\",\"item\":\"https:\\\/\\\/www.delande.be\\\/index.php\\\/nos-services\\\/\"},{\"@type\":\"ListItem\",\"position\":3,\"name\":\"Delande Online\"}]},{\"@type\":\"WebSite\",\"@id\":\"https:\\\/\\\/www.delande.be\\\/#website\",\"url\":\"https:\\\/\\\/www.delande.be\\\/\",\"name\":\"Delande &amp; Cie - Soci\u00e9t\u00e9 de Bourse\",\"description\":\"Votre Conseiller en Investissement\",\"publisher\":{\"@id\":\"https:\\\/\\\/www.delande.be\\\/#organization\"},\"potentialAction\":[{\"@type\":\"SearchAction\",\"target\":{\"@type\":\"EntryPoint\",\"urlTemplate\":\"https:\\\/\\\/www.delande.be\\\/?s={search_term_string}\"},\"query-input\":{\"@type\":\"PropertyValueSpecification\",\"valueRequired\":true,\"valueName\":\"search_term_string\"}}],\"inLanguage\":\"fr-FR\"},{\"@type\":\"Organization\",\"@id\":\"https:\\\/\\\/www.delande.be\\\/#organization\",\"name\":\"Delande et cie\",\"url\":\"https:\\\/\\\/www.delande.be\\\/\",\"logo\":{\"@type\":\"ImageObject\",\"inLanguage\":\"fr-FR\",\"@id\":\"https:\\\/\\\/www.delande.be\\\/#\\\/schema\\\/logo\\\/image\\\/\",\"url\":\"https:\\\/\\\/www.delande.be\\\/wp-content\\\/uploads\\\/2016\\\/03\\\/Delande-HOR-FR-RGB1-e1462189765843.jpg\",\"contentUrl\":\"https:\\\/\\\/www.delande.be\\\/wp-content\\\/uploads\\\/2016\\\/03\\\/Delande-HOR-FR-RGB1-e1462189765843.jpg\",\"width\":740,\"height\":209,\"caption\":\"Delande et cie\"},\"image\":{\"@id\":\"https:\\\/\\\/www.delande.be\\\/#\\\/schema\\\/logo\\\/image\\\/\"}}]}<\/script>\n<!-- \/ Yoast SEO plugin. -->","yoast_head_json":{"title":"Delande Online - Delande &amp; Cie - Soci\u00e9t\u00e9 de Bourse","description":"Gr\u00e2ce \u00e0 notre syst\u00e8me de gestion de compte, simple et totalement s\u00e9curis\u00e9, vous pouvez \u00e0 tout moment consulter vos comptes.","robots":{"index":"index","follow":"follow","max-snippet":"max-snippet:-1","max-image-preview":"max-image-preview:large","max-video-preview":"max-video-preview:-1"},"canonical":"https:\/\/www.delande.be\/index.php\/nos-services\/delande-online\/","og_locale":"fr_FR","og_type":"article","og_title":"Delande Online - Delande &amp; Cie - Soci\u00e9t\u00e9 de Bourse","og_description":"Gr\u00e2ce \u00e0 notre syst\u00e8me de gestion de compte, simple et totalement s\u00e9curis\u00e9, vous pouvez \u00e0 tout moment consulter vos comptes.","og_url":"https:\/\/www.delande.be\/index.php\/nos-services\/delande-online\/","og_site_name":"Delande &amp; Cie - Soci\u00e9t\u00e9 de Bourse","article_modified_time":"2018-06-13T12:07:38+00:00","og_image":[{"width":1481,"height":419,"url":"https:\/\/www.delande.be\/wp-content\/uploads\/2016\/03\/logo-fr-horizontal-png.png","type":"image\/png"}],"twitter_card":"summary_large_image","twitter_misc":{"Dur\u00e9e de lecture estim\u00e9e":"6 minutes"},"schema":{"@context":"https:\/\/schema.org","@graph":[{"@type":"WebPage","@id":"https:\/\/www.delande.be\/index.php\/nos-services\/delande-online\/","url":"https:\/\/www.delande.be\/index.php\/nos-services\/delande-online\/","name":"Delande Online - Delande &amp; Cie - Soci\u00e9t\u00e9 de Bourse","isPartOf":{"@id":"https:\/\/www.delande.be\/#website"},"datePublished":"2015-09-02T09:59:56+00:00","dateModified":"2018-06-13T12:07:38+00:00","description":"Gr\u00e2ce \u00e0 notre syst\u00e8me de gestion de compte, simple et totalement s\u00e9curis\u00e9, vous pouvez \u00e0 tout moment consulter vos comptes.","breadcrumb":{"@id":"https:\/\/www.delande.be\/index.php\/nos-services\/delande-online\/#breadcrumb"},"inLanguage":"fr-FR","potentialAction":[{"@type":"ReadAction","target":["https:\/\/www.delande.be\/index.php\/nos-services\/delande-online\/"]}]},{"@type":"BreadcrumbList","@id":"https:\/\/www.delande.be\/index.php\/nos-services\/delande-online\/#breadcrumb","itemListElement":[{"@type":"ListItem","position":1,"name":"Accueil","item":"https:\/\/www.delande.be\/"},{"@type":"ListItem","position":2,"name":"Nos Services","item":"https:\/\/www.delande.be\/index.php\/nos-services\/"},{"@type":"ListItem","position":3,"name":"Delande Online"}]},{"@type":"WebSite","@id":"https:\/\/www.delande.be\/#website","url":"https:\/\/www.delande.be\/","name":"Delande &amp; Cie - Soci\u00e9t\u00e9 de Bourse","description":"Votre Conseiller en Investissement","publisher":{"@id":"https:\/\/www.delande.be\/#organization"},"potentialAction":[{"@type":"SearchAction","target":{"@type":"EntryPoint","urlTemplate":"https:\/\/www.delande.be\/?s={search_term_string}"},"query-input":{"@type":"PropertyValueSpecification","valueRequired":true,"valueName":"search_term_string"}}],"inLanguage":"fr-FR"},{"@type":"Organization","@id":"https:\/\/www.delande.be\/#organization","name":"Delande et cie","url":"https:\/\/www.delande.be\/","logo":{"@type":"ImageObject","inLanguage":"fr-FR","@id":"https:\/\/www.delande.be\/#\/schema\/logo\/image\/","url":"https:\/\/www.delande.be\/wp-content\/uploads\/2016\/03\/Delande-HOR-FR-RGB1-e1462189765843.jpg","contentUrl":"https:\/\/www.delande.be\/wp-content\/uploads\/2016\/03\/Delande-HOR-FR-RGB1-e1462189765843.jpg","width":740,"height":209,"caption":"Delande et cie"},"image":{"@id":"https:\/\/www.delande.be\/#\/schema\/logo\/image\/"}}]}},"_links":{"self":[{"href":"https:\/\/www.delande.be\/index.php\/wp-json\/wp\/v2\/pages\/73","targetHints":{"allow":["GET"]}}],"collection":[{"href":"https:\/\/www.delande.be\/index.php\/wp-json\/wp\/v2\/pages"}],"about":[{"href":"https:\/\/www.delande.be\/index.php\/wp-json\/wp\/v2\/types\/page"}],"author":[{"embeddable":true,"href":"https:\/\/www.delande.be\/index.php\/wp-json\/wp\/v2\/users\/1"}],"replies":[{"embeddable":true,"href":"https:\/\/www.delande.be\/index.php\/wp-json\/wp\/v2\/comments?post=73"}],"version-history":[{"count":31,"href":"https:\/\/www.delande.be\/index.php\/wp-json\/wp\/v2\/pages\/73\/revisions"}],"predecessor-version":[{"id":1250,"href":"https:\/\/www.delande.be\/index.php\/wp-json\/wp\/v2\/pages\/73\/revisions\/1250"}],"up":[{"embeddable":true,"href":"https:\/\/www.delande.be\/index.php\/wp-json\/wp\/v2\/pages\/57"}],"wp:attachment":[{"href":"https:\/\/www.delande.be\/index.php\/wp-json\/wp\/v2\/media?parent=73"}],"curies":[{"name":"wp","href":"https:\/\/api.w.org\/{rel}","templated":true}]}}